 prime factors of u?
23, 59
Suppose 5*q + c = 197, 5*q - 4*c - 27 = 185. Suppose -5*l + 5*k - 2*k = -q, 34 = 4*l - 2*k. Suppose -5*n + l = -a - 14, 5*a = 0. List the prime factors of n.
5
Let t(d) = 6*d - 13*d + 2*d**3 + 7 + 2*d**3 - 3*d**3 - 5*d**2. Let n be t(6). List the prime factors of (-2 + n)*(-536)/8.
67
Suppose -a + 4*x = 1, -1 = 2*x - 5. Suppose 5920 = a*m - 5091. List the prime factors of m.
11, 13
List the prime factors of ((-14029)/(-1 - 0))/(4 - (11 - 8)).
14029
Let a(d) = -10*d - 26. Let c be a(7). Suppose -2*w + 152 = -w. Let q = c + w. List the prime factors of q.
2, 7
Suppose 4 = 4*t + 3*r, 5*r - 4 = -4*t - 0*r. List the prime factors of 934 + (1 - (t - 5))*-1.
929
Suppose 12*k = -13*k + 75. Let r be 1 - 2/((-4)/630). Suppose -k*x = x - r. List the prime factors of x.
79
Suppose -2239*v - 975038 - 1638430 = -2283*v. What are the prime factors of v?
3, 13, 1523
Let v be (-1)/(-2) + (-513)/6. Suppose -3*c = 39*l - 40*l - 86, l + 90 = c. Let w = v - l. List the prime factors of w.
7
Let p = 9734 - 6081. What are the prime factors of p?
13, 281
Suppose -w + 2*v = 1, 1 = 6*w - w - 4*v. Let u(m) = 186*m**3 - m**2 + m. List the prime factors of u(w).
2, 3, 31
What are the prime factors of (1296/(-288))/((-7 - -7) + (-2)/632)?
2, 3, 79
Let h be (-39)/(-15) + -3 - 12/(-5). Suppose -k = h*k - 5*l - 3012, 2008 = 2*k + l. Suppose -k = -53*r + 49*r. What are the prime factors of r?
251
What are the prime factors of (5796/2254)/((6/2212)/3)?
2, 3, 79
Let q(d) = d**3 - 5*d**2. Let m be q(5). Suppose 2 + 8 = 2*t. Suppose -a - 2*a - 2*z + 130 = m, -t*z - 181 = -4*a. List the prime factors of a.
2, 11
Let y(v) = v + 9. Let j be y(-9). Suppose j = -4*p - 179 + 7. Let d = p + 203. List the prime factors of d.
2, 5
Let m(j) = 12*j**2 - 6*j - 8. Suppose 9 = 3*c + 2*v, c - 8 = -c - 2*v. Let f be (c - (-8)/(-14)) + 24/(-7). What are the prime factors of m(f)?
2, 59
Suppose -3*l = 0, -2*w + 8*l - 7*l = -35744. What are the prime factors of w?
2, 1117
What are the prime factors of 1229691645/24885 + (-6)/(-237)?
5, 9883
Let f(n) be the second derivative of 5*n**4/12 + 2*n**3/3 + 43*n**2 - n + 30. List the prime factors of f(-19).
3, 5, 11
Suppose -109 + 113 = 2*k, 3*h - 22542 = 3*k. List the prime factors of h.
2, 1879
Let k(s) = -297*s + 43. Let o(i) = 149*i - 22. Let r(t) = -3*k(t) - 7*o(t). What are the prime factors of r(-4)?
3, 211
Let j be (-12)/8*(-30)/(-9). List the prime factors of 3 + 16/j - 712/(-10).
71
Let m = 35 - 39. Let z be (72/4)/(m/(-6)). Suppose 265 = z*k - 22*k. What are the prime factors of k?
53
Let o = -2098 - -4921. What are the prime factors of o?
3, 941
Let g = 31 + -35. Let s be -2 + 554 + g - -2. What are the prime factors of s/7 + (-6)/(-14)?
79
Let v be 27/(-6)*1*6/9. Let w be 2 + (0 + -2 - v). Suppose 3*l = w*i - 2*l - 312, -l = -5*i + 542. List the prime factors of i.
109
Let j = -42298 - -83402. List the prime factors of j.
2, 7, 367
Suppose -219 = -10*u - 53*u - 10*u. Let h be (-2)/(-5) + (-42)/5. What are the prime factors of 125 + h/36*u*3?
3, 41
Let m = 3557 + 12227. What are the prime factors of m?
2, 1973
Let f(y) = 2*y**2 + 14*y + 17. Let h be f(-6). What are the prime factors of (-2*415/40)/(h/(-40))?
2, 83
Suppose 3*b - 167 = -158. Suppose -q - 1058 = -b*y, 3*y = q + 3*q + 1046. What are the prime factors of y?
2, 3, 59
Let v = -5519 + 25928. List the prime factors of v.
3, 6803
Let x be (-30)/50*15/3. What are the prime factors of -1 + (-3)/x*1291?
2, 3, 5, 43
Let n(q) = -159*q + 26. Let z be 2/(-11) - (-62)/(-22). What are the prime factors of n(z)?
503
Let q be -3 + 7 - (-2)/1. Suppose -2*z + 6 = -0*z, 2*x - q = -2*z. Let s(g) = 2*g**2 + 2*g + 184. List the prime factors of s(x).
2, 23
Suppose -26*g = 37*g - 1846467. List the prime factors of g.
7, 53, 79
Suppose 279*t - 83314 = 244*t + 415121. List the prime factors of t.
3, 47, 101
Let f be -3 + ((-9)/12 - (-60)/16). Suppose -2*t - 12 + 2 = f, -5*n = -5*t - 2035. What are the prime factors of n?
2, 3, 67
Suppose s - 4*w = 31, 65 = 4*s - s - 5*w. Suppose -2*l + s = -21. Suppose -4*z = 2*z - l. What are the prime factors of z?
3
Suppose 10*a - 12*a + 241 = -b, -b + 3 = 0. Suppose a = 4*w - 238. List the prime factors of w.
2, 3, 5
Let i(t) = -28*t + 103. Suppose -2*n = -4*g - 0*n - 38, -3*n = -3*g - 27. List the prime factors of i(g).
383
Let m = 24895 + -11355. List the prime factors of m.
2, 5, 677
Let p(b) = -7*b + 35. Let i be p(5). Suppose 14*t - 6720 = -i*t. List the prime factors of t.
2, 3, 5
Suppose -2*h = s - 3 + 2, 4*h + 4*s + 4 = 0. Suppose -3*j - h*j = 2*g + 7, 2*j - g + 1 = 0. List the prime factors of (41 - 5)/2 + 4 + j.
3, 7
Let c = -8364 - -27025. List the prime factors of c.
18661
Suppose -40 = 3*i - 4. Let c(a) = -121*a - 308. List the prime factors of c(i).
2, 11, 13
Let s(r) = r**3 - 26*r**2 + 27*r + 347. What are the prime factors of s(40)?
23827
Let l = -153 + 149. Let j(q) = -87*q - 61. List the prime factors of j(l).
7, 41
Let h(s) = 9113*s - 770. List the prime factors of h(3).
163
Let a(h) = -h**3 - 3*h**2 + 3*h - 1. Let s be a(-4). Let r = 485 - 404. Suppose s*q - r = 153. What are the prime factors of q?
2, 3, 13
Suppose 31*r + 56362 - 473930 - 485772 = 0. What are the prime factors of r?
2, 5, 31, 47
Let l(d) be the first derivative of 2*d**3 + 3*d**2/2 - 8*d + 650. Suppose -3*c + 3*g - 5 = 1, -4*g = 3*c + 27. List the prime factors of l(c).
127
Let x be 2/(-4)*0*(-5)/15. Suppose -3*t = -t + 2*o - 46, x = -4*t - 3*o + 88. Suppose -280 = -t*h + 14*h. List the prime factors of h.
2, 7
Suppose 75*p = 80*p - 40. Suppose -p*z = -66 - 14. What are the prime factors of (4/z*-4)/((-3)/180)?
2, 3
Let l(m) = -m**3 - 5*m**2 + 6*m + 4. Let o be l(-6). Suppose 5*c = o*d + 191, 3*d + 2*d = -c - 275. Let b = d + 142. What are the prime factors of b?
2, 11
Let t be 35 + (7 + -6)*-4. Suppose 2*d + 1 = 9. Suppose -2*y + 86 = -2*b, t = -3*y + 4*y - d*b. List the prime factors of y.
47
Let a be 6/(-10) + 9732/(-90)*3. Let m be (a/3)/(34/6 + -6). Suppose 0 = 5*t - m - 360. List the prime factors of t.
137
Let i = 47 + -45. Suppose i*l - 2*o + 0*o = 428, -l + 4*o = -211. List the prime factors of l.
5, 43
Suppose h - k = 3*k + 274, 1465 = 5*h - k. Let s = 6367 - 6367. Suppose -6*y = -s*y - h. List the prime factors of y.
7
Let u = 31 - 54. Let m be u/(-3)*(31 + -13). What are the prime factors of (32/(-24))/((-2)/m*1)?
2, 23
Let g(m) = 6*m**3 - 2*m**2 - m - 3. Let o(s) = -s**3 + 1. Let t(z) = 2*g(z) + 4*o(z). Let i be t(5). Suppose -7*p = p - i. What are the prime factors of p?
3, 37
List the prime factors of 6*(156 - 0/3).
2, 3, 13
Suppose 0 = -r - 6*r + 77. Suppose k = r - 62. List the prime factors of k/(-119) + 382/7.
5, 11
Suppose 0 = -3802*n + 3837*n - 130655. List the prime factors of n.
3733
Suppose 2*k - 6583 = -265. Suppose 0*f + 9*f - k = 0. What are the prime factors of f?
3, 13
List the prime factors of ((365 + 81)/(3/(-15)))/((-2)/12).
2, 3, 5, 223
Let b = -1059 + 7653. What are the prime factors of b?
2, 3, 7, 157
Let s be (-11 - -9)*(-15)/40*4. Let d(c) = -c**3 + 6*c**2 + c - 3. Let f be d(6). List the prime factors of 142 - (0 + s/f).
3, 47
Let h be 1/(-5) - (-341)/55. Suppose h*f + f = 1799. What are the prime factors of f?
257
List the prime factors of 3/27 - ((-17846)/3)/((-396)/(-1914)).
2, 3, 599
Let q = 848 - 192. Suppose -x = -3*g - 2*g + q, 3*g + 3*x = 408. Suppose 36 = -3*t + g. What are the prime factors of t?
2
Let g = -37616 + 92145. List the prime factors of g.
31, 1759
Let g = 963 - 460. What are the prime factors of g?
503
Let c be 8032 - (-1 + -1)/((-19)/(-38)). Suppose -c - 3843 = -7*m. What are the prime factors of m?
1697
Let a = 6 + -4. Suppose 5*g = 2*g, a*g = 4*s + 16. Let n(u) = -3*u**3 - 6*u**2 + 4. List the prime factors of n(s).
2, 5
Let g = -41 - 162. Let x = g + 327. List the prime factors of x.
2, 31
Suppose 13*h - 4 = -j + 10*h, h = -j + 4. Suppose 10*d - 144 = j*d. Suppose 2*q - d = 198. What are the prime factors of q?
3, 37
Let v(d) = 1270*d - 4338. What are the prime factors of v(34)?
2, 19421
Suppose 2*k - 26*n - 540 = -28*n, 0 = -3*k + 2*n + 780. What are the prime factors of k?
2, 3, 11
Let n(h) = -9*h - 34. Let f be n(-34). Let v = f + -74. What are the prime factors of v?
2, 3, 11
List th